ainder when 225867 is divided by 2.
1
Calculate the remainder when 10280 is divided by 76.
20
Calculate the remainder when 13117 is divided by 6430.
257
Calculate the remainder when 60613 is divided by 433.
426
Calculate the remainder when 233423 is divided by 18.
17
Calculate the remainder when 5965 is divided by 983.
67
What is the remainder when 676 is divided by 174?
154
What is the remainder when 18109 is divided by 4527?
1
What is the remainder when 17465 is divided by 2495?
0
What is the remainder when 1146 is divided by 384?
378
What is the remainder when 319 is divided by 72?
31
Calculate the remainder when 27792 is divided by 77.
72
Calculate the remainder when 12075 is divided by 1931.
489
What is the remainder when 160 is divided by 120?
40
What is the remainder when 33964 is divided by 596?
588
Calculate the remainder when 185898 is divided by 3205.
8
What is the remainder when 896 is divided by 3?
2
Calculate the remainder when 6930 is divided by 3409.
112
What is the remainder when 31062 is divided by 267?
90
What is the remainder when 39762 is divided by 306?
288
Calculate the remainder when 22026 is divided by 314.
46
Calculate the remainder when 4915 is divided by 978.
25
What is the remainder when 993919 is divided by 782?
779
What is the remainder when 11172 is divided by 1756?
636
Calculate the remainder when 222976 is divided by 21.
19
What is the remainder when 24788 is divided by 137?
128
What is the remainder when 7417 is divided by 15?
7
What is the remainder when 64986 is divided by 13?
12
Calculate the remainder when 48299 is divided by 70.
69
What is the remainder when 539 is divided by 200?
139
What is the remainder when 1429 is divided by 679?
71
Calculate the remainder when 42338 is divided by 79.
73
What is the remainder when 623 is divided by 40?
23
Calculate the remainder when 7395 is divided by 286.
245
Calculate the remainder when 85659 is divided by 2595.
24
Calculate the remainder when 1836 is divided by 908.
20
Calculate the remainder when 4950 is divided by 306.
54
What is the remainder when 46631 is divided by 40?
31
Calculate the remainder when 15160 is divided by 10.
0
What is the remainder when 40912 is divided by 344?
320
Calculate the remainder when 179699 is divided by 599.
598
Calculate the remainder when 3594 is divided by 109.
106
Calculate the remainder when 63005 is divided by 20973.
86
What is the remainder when 16049 is divided by 1993?
105
Calculate the remainder when 769079 is divided by 24.
23
What is the remainder when 1331 is divided by 146?
17
Calculate the remainder when 950 is divided by 5.
0
What is the remainder when 33034 is divided by 44?
34
What is the remainder when 1127494 is divided by 218?
216
Calculate the remainder when 693248 is divided by 1323.
1319
Calculate the remainder when 3148 is divided by 60.
28
Calculate the remainder when 2760 is divided by 1308.
144
Calculate the remainder when 1656 is divided by 522.
90
Calculate the remainder when 7060 is divided by 186.
178
What is the remainder when 4333 is divided by 1420?
73
Calculate the remainder when 1733 is divided by 434.
431
Calculate the remainder when 27910 is divided by 6975.
10
Calculate the remainder when 2423 is divided by 114.
29
Calculate the remainder when 23514 is divided by 937.
89
What is the remainder when 796 is divided by 465?
331
What is the remainder when 294820 is divided by 7190?
30
Calculate the remainder when 125861 is divided by 880.
21
What is the remainder when 19497 is divided by 9566?
365
Calculate the remainder when 26745 is divided by 9.
6
What is the remainder when 17729 is divided by 157?
145
What is the remainder when 26650412 is divided by 371?
369
What is the remainder when 44268 is divided by 4?
0
Calculate the remainder when 2462 is divided by 519.
386
Calculate the remainder when 4839 is divided by 10.
9
What is the remainder when 777449 is divided by 111?
5
What is the remainder when 414812 is divided by 28?
20
Calculate the remainder when 120756 is divided by 485.
476
Calculate the remainder when 27539 is divided by 630.
449
Calculate the remainder when 9848 is divided by 32.
24
What is the remainder when 116991 is divided by 38991?
18
Calculate the remainder when 1730151 is divided by 178.
169
What is the remainder when 2538 is divided by 316?
10
Calculate the remainder when 1970 is divided by 454.
154
Calculate the remainder when 2181637 is divided by 24.
13
Calculate the remainder when 1530 is divided by 138.
12
Calculate the remainder when 880 is divided by 132.
88
What is the remainder when 18159 is divided by 18133?
26
What is the remainder when 251517 is divided by 320?
317
Calculate the remainder when 41055 is divided by 305.
185
Calculate the remainder when 3138 is divided by 1031.
45
Calculate the remainder when 199358 is divided by 80.
78
Calculate the remainder when 8555 is divided by 2825.
80
What is the remainder when 9864 is divided by 80?
24
What is the remainder when 2090 is divided by 2035?
55
What is the remainder when 234432 is divided by 934?
932
Calculate the remainder when 42955 is divided by 333.
331
What is the remainder when 1257877 is divided by 59?
56
Calculate the remainder when 895352 is divided by 34.
30
What is the remainder when 71182 is divided by 23699?
85
What is the remainder when 23790 is divided by 7928?
6
Calculate the remainder when 432492 is divided by 30.
12
Calculate the remainder when 1146635 is divided by 163804.
7
What is the remainder when 27137 is divided by 131?
20
What is the remainder when 35898 is divided by 479?
452
Calculate the remainder when 26773 is divided by 105.
103
What is the remainder when 1402 is divided by 878?
524
Calculate the remainder when 51448 is divided by 15.
13
What is the remainder when 847 is divided by 257?
76
Calculate the remainder when 1373 is divided by 495.
383
Calculate the remainder when 18910 is divided by 1443.
151
What is the remainder when 102735 is divided by 1181?
1169
What is the remainder when 302145 is divided by 6166?
11
What is the remainder when 298989 is divided by 2?
1
What is the remainder when 1101 is divided by 26?
9
What is the remainder when 109251 is divided by 12139?
0
What is the remainder when 7338 is divided by 115?
93
Calculate the remainder when 125301 is divided by 712.
701
What is the remainder when 239196 is divided by 1208?
12
Calculate the remainder when 645298 is divided by 15.
13
What is the remainder when 1511 is divided by 121?
59
What is the remainder when 357204 is divided by 45?
39
What is the remainder when 106795 is divided by 367?
365
Calculate the remainder when 172913 is divided by 361.
355
What is the remainder when 3374 is divided by 1609?
156
What is the remainder when 1228711 is divided by 674?
9
What is the remainder when 139189 is divided by 69594?
1
Calculate the remainder when 199679 is divided by 257.
247
What is the remainder when 22439 is divided by 86?
79
Calculate the remainder when 713764 is divided by 274.
268
Calculate the remainder when 5611 is divided by 74.
61
Calculate the remainder when 21788 is divided by 622.
18
What is the remainder when 957878 is divided by 319291?
5
Calculate the remainder when 2151440 is divided by 529.
526
Calculate the remainder when 29466 is divided by 57.
54
Calculate the remainder when 16172 is divided by 577.
16
What is the remainder when 3631090 is divided by 258?
256
Calculate the remainder when 4946 is divided by 170.
16
What is the remainder when 148119 is divided by 494?
413
Calculate the remainder when 17249 is divided by 176.
1
What is the remainder when 2243 is divided by 313?
52
What is the remainder when 540 is divided by 126?
36
Calculate the remainder when 397070 is divided by 175.
170
Calculate the remainder when 374229 is divided by 31.
28
Calculate the remainder when 137631 is divided by 42.
39
What is the remainder when 2656 is divided by 840?
136
Calculate the remainder when 20585 is divided by 2570.
25
Calculate the remainder when 1728 is divided by 19.
18
Calculate the remainder when 132780 is divided by 6319.
81
What is the remainder when 109072 is divided by 1628?
1624
What is the remainder when 175054 is divided by 112?
110
What is the remainder when 391955 is divided by 979